63 - 31?
40032
In base 7, what is 2 - 4251?
-4246
In base 2, what is 100010 - 100111100011?
-100111000001
In base 3, what is -211 - 1021022022?
-1021100010
In base 5, what is 23102 - -34?
23141
In base 16, what is 1 - -20d2a7?
20d2a8
In base 5, what is 10004202 + 2?
10004204
In base 6, what is 3045 - -10501?
13550
In base 13, what is -709 - -12?
-6c7
In base 14, what is 18 + 225b?
2275
In base 7, what is 0 - 221652?
-221652
In base 16, what is -32c - d0?
-3fc
In base 5, what is -1433343 - -112?
-1433231
In base 8, what is 66 + 1100?
1166
In base 5, what is 14232322 - -3?
14232330
In base 16, what is -6 - -41830?
4182a
In base 9, what is -4325 - -1?
-4324
In base 2, what is 10000100 + 1000001?
11000101
In base 15, what is -1d83a + -1e?
-1d859
In base 8, what is 161752 - 0?
161752
In base 6, what is -2303 + 312?
-1551
In base 2, what is 10001100010111000 + -1001?
10001100010101111
In base 4, what is 30113 + 10013?
100132
In base 10, what is 1 + -666068?
-666067
In base 16, what is 11fb6 - -5?
11fbb
In base 16, what is 1fd - -a2?
29f
In base 2, what is -10 + 110010001100011?
110010001100001
In base 9, what is -2 + 7411?
7408
In base 4, what is 1 + 32120?
32121
In base 6, what is -2 + -552534?
-552540
In base 10, what is -32004 - 32?
-32036
In base 7, what is -1535 - -224?
-1311
In base 15, what is 17aa2 - -4?
17aa6
In base 16, what is 1e3b2 + 2?
1e3b4
In base 12, what is -12 - 836?
-848
In base 8, what is 110 - -1504?
1614
In base 5, what is -11 + -2011310?
-2011321
In base 3, what is -20 - -110001020?
110001000
In base 15, what is -3 + -48d?
-491
In base 16, what is a72 + 12?
a84
In base 6, what is 125341 - -212?
125553
In base 12, what is -162b5 - 0?
-162b5
In base 9, what is -288552 - -3?
-288548
In base 15, what is 17 + 283?
29a
In base 4, what is -213013 + 2233?
-210120
In base 4, what is -32102 - -11132?
-20310
In base 11, what is -12577 + 32?
-12545
In base 12, what is -4 + 2630a?
26306
In base 2, what is 111 + 1011010111100100?
1011010111101011
In base 16, what is -4 + -bb16?
-bb1a
In base 15, what is 448 - 71?
3c7
In base 9, what is -21270 - -2?
-21267
In base 9, what is -266 - -27727?
27451
In base 13, what is b9567 + -1?
b9566
In base 11, what is 109807 - -3?
10980a
In base 11, what is 2 + 905241?
905243
In base 12, what is 5 + 22362?
22367
In base 16, what is -26 - 1f8?
-21e
In base 7, what is -13102252 - 10?
-13102262
In base 6, what is 125 - 5405?
-5240
In base 2, what is 1100111100101 - -110010?
1101000010111
In base 7, what is -22 + 2105?
2053
In base 12, what is 6 + 6bbb?
7005
In base 14, what is -1d8a5 - 7?
-1d8ac
In base 13, what is -1b + 277?
259
In base 3, what is -1011011 - -100010?
-211001
In base 13, what is 20 - -1c17?
1c37
In base 11, what is -5 + -a68a?
-a694
In base 11, what is 187 + 674?
850
In base 10, what is 4 - 116998?
-116994
In base 9, what is -86 + 7717?
7621
In base 12, what is 1 - 26615?
-26614
In base 6, what is 1203 + 31421?
33024
In base 9, what is -706 - 813?
-1620
In base 12, what is -3 - -1a12?
1a0b
In base 10, what is 2 - 545?
-543
In base 3, what is -2112 + -102212?
-112101
In base 7, what is -104 - -20111?
20004
In base 8, what is -10540 + 31?
-10507
In base 3, what is 221022022220 - 21?
221022022122
In base 13, what is 3c8a + -1?
3c89
In base 15, what is 16 + -4ac?
-496
In base 14, what is -121ac + -12?
-121c0
In base 2, what is -10101 - 11001111000100001?
-11001111000110110
In base 2, what is 111 + 10011111101100?
10011111110011
In base 11, what is -1266 - -1?
-1265
In base 10, what is -13029 + 136?
-12893
In base 2, what is 1100010010 - -11?
1100010101
In base 15, what is -27 + -12a?
-152
In base 4, what is 1 + -22121010?
-22121003
In base 13, what is 94 - -a33?
ac7
In base 15, what is -a + -88d6?
-88e1
In base 12, what is -218 - 3500?
-3718
In base 16, what is -8 + 19a8?
19a0
In base 5, what is 1232 - 23202?
-21420
In base 12, what is -4b + -3?
-52
In base 3, what is -112 + -10110202?
-10111021
In base 15, what is 92a - 5c?
8bd
In base 14, what is 2 + 1b554?
1b556
In base 15, what is -3c + 7d1?
794
In base 6, what is -150435 + -11?
-150450
In base 12, what is 363365 + 1?
363366
In base 14, what is 3 - -25261?
25264
In base 3, what is 21020012220 - -11?
21020020001
In base 8, what is -136 + -3?
-141
In base 8, what is 267 + -4457?
-4170
In base 14, what is 8 + -372?
-368
In base 11, what is -35 + 2697?
2662
In base 3, what is -1222102 + 200?
-1221202
In base 4, what is 12123 + 310?
13033
In base 7, what is 2 - -21030411?
21030413
In base 4, what is -11 + -2233022?
-2233033
In base 9, what is -65 - -117?
42
In base 13, what is 1724c + 0?
1724c
In base 7, what is 536 + 1252?
2121
In base 6, what is 151 + 1502?
2053
In base 2, what is -1011 + 10000011001000?
10000010111101
In base 13, what is 56b642 - 0?
56b642
In base 14, what is 3 + -1300?
-12db
In base 10, what is 19777 + -2?
19775
In base 7, what is -1 - -452143?
452142
In base 11, what is -13 - -2613?
2600
In base 12, what is 202 - 104?
ba
In base 16, what is -210 - -a5?
-16b
In base 10, what is 3357 + 4?
3361
In base 15, what is -14d5 + -1?
-14d6
In base 5, what is -1043432 + 3?
-1043424
In base 2, what is 1100001010 - -111100001?
10011101011
In base 15, what is 784 + 1e?
7a3
In base 16, what is -7f618 + 0?
-7f618
In base 9, what is 1114 - 35?
1068
In base 14, what is 1d12d - 5?
1d128
In base 5, what is 1412 - -112003?
113420
In base 9, what is -8 + -2077?
-2086
In base 8, what is 11 + -11771?
-11760
In base 7, what is 63342606 + 0?
63342606
In base 12, what is 932 - -11b?
a51
In base 7, what is 51 - 20150?
-20066
In base 4, what is 1 + -1323031213?
-1323031212
In base 12, what is -569 + 210b?
1762
In base 5, what is 0 + 3334103?
3334103
In base 13, what is -12924 + 2?
-12922
In base 14, what is -11 - 1330?
-1341
In base 16, what is d0 - -4553?
4623
In base 7, what is -3344 - 32?
-3406
In base 4, what is -2 + 12120323?
12120321
In base 5, what is 2033 + -2432?
-344
In base 4, what is -200221 - -1003?
-133212
In base 5, what is 1101421 - 4?
1101412
In base 7, what is -1 + -205?
-206
In base 16, what is 8b0 + -5?
8ab
In base 2, what is 100 + 11110100010?
11110100110
In base 12, what is 185a - -171?
1a0b
In base 10, what is 4875 - 2?
4873
In base 4, what is 12210 - -1331?
20201
In base 11, what is 3 + 4721?
4724
In base 15, what is 4d1 + -6b?
465
In base 12, what is -8 - -713?
707
In base 8, what is -731 - 452?
-1403
In base 13, what is 28b351 + -4?
28b34a
In base 7, what is -20 + -10533?
-10553
In base 10, what is -5 - 6726?
-6731
In base 13, what is -1315 - -122?
-11c3
In base 8, what is 15 - 1112?
-1075
In base 5, what is -42 - 14230?
-14322
In base 14, what is 2048 - 92?
1d96
In base 6, what is 1233 - 340?
453
In base 2, what is 11110100100111110 + 0?
11110100100111110
In base 13, what is -113 + -45?
-158
In base 12, what is 113 + -2506?
-23b3
In base 14, what is 11a9 - 33?
1176
In base 11, what is 133 - 11a?
14
In base 11, what is -5 - 9533?
-9538
In base 6, what is -2025304 - -15?
-2025245
In base 13, what is 790b6 + -5?
790b1
In base 11, what is 3 + -49123?
-49120
In base 8, what is 420 - -7?
427
In base 7, what is -12 + 4402?
4360
In base 8, what is 1435 + 22?
1457
In base 2, what is 0 + 1001001011101000?
1001001011101000
In base 14, what is 1d - -181c?
183b
In base 16, what is 5 - b7cf7?
-b7cf2
In base 16, what is 5 - -343ca?
343cf
In base 14, what is -3900 + -9?
-3909
In base 6, what is -5 + 245212?
245203
In base 6, what is 52 + -34433?
-34341
In base 4, what is -1210321 - -1223?
-1203032
In base 3, what is 10 - -111222222?
112000002
In base 3, what is 2010 - -210222020?
211001100
In base 8, what is 1 + 471574?
471575
In base 3, what is 2000000020 - -12?
2000000102
In base 8, what is 0 + 33170?
33170
In base 4, what is 1012201 + -1121?
1011020
In base 14, what is -139bc + -5?
-139c3
In base 4, what is 11 + -2322130331?
-2322130320
In base 6, what is -224 - -1031?
403
In base 3, what is -20101 - 22110?
-112211
In base 13, what is 161 + -2b6?
-155
In base 13, what is -a8 + -156?
-231
In base 4, what is 200 + -1130331?
-1130131
In base 4, what is -1212002033 + -20?
-1212002113
In base 8, what is 4 - -207246?
207252
In base 14, what is -495 - 10?
-4a5
In base 9, what is 313004 - -1?
313005
In base 6, what is -5012 + 0?
-5012
In base 8,